57769 a prime number?
True
Is 505289 composite?
True
Is 21259 composite?
True
Is 65543 a composite number?
False
Is 346891 prime?
True
Is 87317 a composite number?
False
Is 98297 a prime number?
True
Is 10705 composite?
True
Is 17722 a prime number?
False
Is 73655 composite?
True
Is 115873 a composite number?
False
Is 734051 a prime number?
False
Is 20011 prime?
True
Is 17035 composite?
True
Is 168409 a prime number?
True
Is 25001 prime?
False
Is 44539 a composite number?
True
Is 4064693 a prime number?
True
Is 56741 a prime number?
False
Is 11911 prime?
False
Is 17401 prime?
True
Is 65974 prime?
False
Is 141385 prime?
False
Is 118873 prime?
True
Is 14971 prime?
False
Is 7054 prime?
False
Is 76333 a prime number?
True
Is 1759 prime?
True
Is 103399 composite?
False
Is 371897 a prime number?
True
Is 110939 a prime number?
True
Is 1149743 a composite number?
True
Is 147853 a composite number?
False
Is 21727 a composite number?
False
Is 635 composite?
True
Is 10211 composite?
False
Is 353047 prime?
True
Is 341195 prime?
False
Is 9661 a composite number?
False
Is 1961 prime?
False
Is 1327 a composite number?
False
Is 574859 prime?
True
Is 26339 a composite number?
False
Is 1084801 a composite number?
True
Is 701713 a composite number?
True
Is 3709 composite?
False
Is 721 composite?
True
Is 9587 a prime number?
True
Is 403933 prime?
True
Is 536839 composite?
False
Is 26861 prime?
True
Is 6197 a prime number?
True
Is 92453 a prime number?
False
Is 38899 prime?
False
Is 34901 composite?
True
Is 686293 a composite number?
False
Is 8333 a composite number?
True
Is 32135 a prime number?
False
Is 8069 prime?
True
Is 787 prime?
True
Is 1061677 a prime number?
True
Is 55049 a composite number?
False
Is 2815 prime?
False
Is 641 prime?
True
Is 1363 a composite number?
True
Is 316531 composite?
False
Is 96155 prime?
False
Is 38091 prime?
False
Is 4109 a composite number?
True
Is 7115 a composite number?
True
Is 21401 composite?
False
Is 4837 composite?
True
Is 12097 a prime number?
True
Is 34273 prime?
True
Is 2792213 composite?
False
Is 23665 a composite number?
True
Is 5269 composite?
True
Is 30511 composite?
True
Is 139169 a composite number?
False
Is 5923 prime?
True
Is 25007 a prime number?
False
Is 838997 a prime number?
False
Is 2111 a prime number?
True
Is 2056069 a prime number?
True
Is 57487 composite?
False
Is 10361 prime?
False
Is 1957 a prime number?
False
Is 575551 composite?
False
Is 5069 a composite number?
True
Is 17771 composite?
True
Is 1151 prime?
True
Is 8809 a prime number?
False
Is 1264363 a prime number?
True
Is 34021 composite?
True
Is 14867 prime?
True
Is 27437 a composite number?
False
Is 412465 a prime number?
False
Is 228007 a composite number?
True
Is 609079 a composite number?
False
Is 7509 a composite number?
True
Is 340994 prime?
False
Is 427039 composite?
False
Is 1717 prime?
False
Is 1649 a composite number?
True
Is 66733 composite?
False
Is 723949 prime?
True
Is 127807 a prime number?
True
Is 27133 prime?
False
Is 21139 a composite number?
False
Is 3739 composite?
False
Is 67391 prime?
True
Is 221707 a composite number?
False
Is 18823 composite?
True
Is 39561 a composite number?
True
Is 24359 composite?
False
Is 8143 a composite number?
True
Is 28513 a composite number?
False
Is 27581 composite?
False
Is 57059 composite?
False
Is 146161 prime?
True
Is 5459 composite?
True
Is 7669 a composite number?
False
Is 19181 a prime number?
True
Is 55561 prime?
False
Is 1361 prime?
True
Is 7069 a composite number?
False
Is 179623 a composite number?
False
Is 84629 composite?
False
Is 58321 prime?
True
Is 1733 prime?
True
Is 501377 composite?
True
Is 22937 a prime number?
True
Is 67127 prime?
False
Is 818171 prime?
True
Is 22394 prime?
False
Is 105097 composite?
False
Is 563 a prime number?
True
Is 37333 a prime number?
False
Is 392423 a composite number?
False
Is 6089 a composite number?
False
Is 614111 a composite number?
True
Is 17429 a composite number?
True
Is 10297 a prime number?
False
Is 216437 a composite number?
True
Is 1376317 a prime number?
True
Is 3821 a composite number?
False
Is 163187 prime?
False
Is 46301 a composite number?
False
Is 531793 a composite number?
False
Is 68339 prime?
False
Is 2777 a composite number?
False
Is 52007 a prime number?
False
Is 22081 a composite number?
True
Is 23399 a composite number?
False
Is 4423 a composite number?
False
Is 1021107 prime?
False
Is 51682 a composite number?
True
Is 54311 composite?
False
Is 40913 a prime number?
False
Is 37691 a composite number?
False
Is 1351061 a prime number?
True
Is 2257 a prime number?
False
Is 26734 a prime number?
False
Is 301831 prime?
True
Is 717883 a composite number?
False
Is 4847 a composite number?
True
Is 19847 prime?
False
Is 85061 prime?
True
Is 138277 composite?
True
Is 716873 composite?
True
Is 15727 a prime number?
True
Is 661831 composite?
True
Is 5189 composite?
False
Is 14109 a composite number?
True
Is 5165 a composite number?
True
Is 42969 a composite number?
True
Is 2647 composite?
False
Is 300665 a prime number?
False
Is 394717 a prime number?
True
Is 192529 a composite number?
False
Is 2008933 a prime number?
True
Is 116297 composite?
True
Is 314767 a composite number?
True
Is 1428127 composite?
False
Is 3963 composite?
True
Is 21062 composite?
True
Is 71057 a prime number?
False
Is 29593 a composite number?
True
Is 545861 prime?
False
Is 430693 composite?
True
Is 45457 a prime number?
False
Is 1577 composite?
True
Is 2206 a prime number?
False
Is 164663 a prime number?
True
Is 389773 a prime number?
True
Is 567833 composite?
True
Is 4881 a prime number?
False
Is 84673 a prime number?
True
Is 3457 a composite number?
False
Is 1217 a composite number?
False
Is 28261 a composite number?
True
Is 10279 composite?
True
Is 14671 composite?
True
Is 19597 prime?
True
Is 498349 a prime number?
False
Is 122651 prime?
True
Is 24545 composite?
True
Is 340729 prime?
False
Is 10831 a prime number?
True
Is 2309 a prime number?
True
Is 582619 a composite number?
True
Is 947119 a composite number?
False
Is 4421 a composite number?
False
Is 142277 composite?
True
Is 64451 a composite number?
False
Is 2417 a composite number?
False
Is 82771 a prime number?
False
Is 4694 prime?
False
Is 2099 a prime number?
True
Is 13961 composite?
True
Is 238277 composite?
True
Is 15349 a prime number?
True
Is 246799 a composite number?
True
Is 487 prime?
True
Is 554117 composite?
False
Is 1322821 a prime number?
False
Is 4853 a composite number?
True
Is 359287 a prime number?
False
Is 3293239 prime?
True
Is 501409 a composite number?
False
Is 4049 composite?
False
Is 966703 a prime number?
False
Is 653801 a prime number?
True
Is 350733 prime?
False
Is 377 composite?
True
Is 4211 a composite number?
False
Is 955 a prime number?
False
Is 86883 a composite number?
True
Is 47626 prime?
False
Is 5951 prime?
False
Is 957403 composite?
False
Is 109729 a prime number?
False
Is 30017 composite?
True
Is 496427 prime?
True
Is 238141 prime?
True
Is 11959 a prime number?
True
Is 547355 composite?
True
Is 9601 a prime number?
True
Is 238991 a prime number?
True
Is 14479 composite?
False
Is 164147 prime?
True
Is 72902 a composite number?
True
Is 158965 a prime number?
False
Is 114299 prime?
True
Is 1219 a composite number?
True
Is 12481 a composite number?
True
Is 4727 a composite number?
True
Is 35653 prime?
False
Is 80198 composite?
True
Is 739 a composite number?
False
Is 69163 a composite number?
False
Is 445363 prime?
True
Is 8887 prime?
True
Is 507391 a composite number?
True
Is 3219089 composite?
True
Is 5623 a prime number?
True
Is 809 prime?
True
Is 9143 a prime number?
False
Is 1439461 a prime number?
False
Is 928871 a composite number?
False
Is 82387 a composite number?
False
Is 277483 composite?
False
Is 5923 a composite number?
False
Is 165079 a prime number?
True
Is 24659 a prime number?
True
Is 110791 a prime number?
False
Is 544327 a prime number?
False
Is 231733 a prime number?
False
Is 25723 prime?
False
Is 173413 a prime number?
False
Is 631357 prime?
True
Is 58054 composite?
True
Is 2609 a composite number?
False
Is 637895 composite?
True
Is 1745 prime?
False
Is 121661 prime?
True
Is 488293 composite?
True
Is 117763 composite?
False
Is 209311 composite?